*k = -4*q - 233, 2*q + 60 = k + 17. What is the greatest common divisor of k and 196?
49
Suppose 0 = -2*x + 47 + 51. What is the greatest common divisor of x and 7?
7
Let u be 2 - 1 - (-3 + 3). Let l = u + 4. Suppose -68 = -l*h + 12. Calculate the greatest common factor of h and 24.
8
Let o be 4/1*(-3)/(-2). Let w(d) = 3*d + 3. Let c = 17 - 14. Let t be w(c). What is the greatest common divisor of t and o?
6
Suppose 0 = -2*m + 7 + 13. Let r be (-7)/14*(-7 + 1). Let n be 1 - r - (-12)/3. Calculate the greatest common factor of n and m.
2
Suppose 288 = 2*c - 0*w + 3*w, 0 = 3*c - 5*w - 432. Calculate the greatest common divisor of c and 18.
18
Let i(d) = d**3 + 17*d**2 + 11. Let z be i(-17). Calculate the greatest common factor of z and 22.
11
Let v(b) be the first derivative of -9*b**2/2 + 2*b - 4. Let a be v(-2). What is the highest common divisor of a and 10?
10
Let g = -14 - -29. Let q = g + -2. Calculate the greatest common divisor of q and 117.
13
Let q(l) = -l**3 - l**2 + l - 5. Let k be q(-3). What is the greatest common divisor of k and 15?
5
Let o be (-2)/(-6)*(-168)/(-4). What is the greatest common divisor of o and 126?
14
Let t = -147 + 152. What is the greatest common factor of t and 65?
5
Let v(t) = -5*t + 3*t + 14 + t. Let p be 0/(-9)*(-2)/6. Let m be v(p). Calculate the highest common factor of m and 112.
14
Let t be (12/10)/(3/10). Let a(l) = 4*l + 2 - 5*l + 0*l. Let j be a(0). Calculate the greatest common divisor of j and t.
2
Suppose -54 = -5*u - 3*h + 37, -3*h = -3*u + 45. Let c = -10 + u. Let w be 2 - (-1*2 - c). Calculate the greatest common factor of 77 and w.
11
Let t = 6 - -69. Calculate the greatest common divisor of t and 15.
15
Let m be ((-6)/(-4))/(12/32). Let b be (-3)/m - (-1314)/24. Calculate the greatest common divisor of 6 and b.
6
Let d(y) = -y. Suppose 0 = -5*c - 40. Let z be d(c). Let u be ((-6)/(-4))/(2/z). Calculate the highest common factor of 54 and u.
6
Suppose 0 = q + 2*q. Let x = 1 + q. What is the greatest common divisor of 2 and x?
1
Let o(s) = -2*s + 2. Let x be o(-5). Let k = 21 + -19. Suppose 0 = 5*i - 3*d - 165, -2*i - 3*d + 35 = k*d. What is the greatest common factor of x and i?
6
Let j = -1 + 3. Suppose m = j*m - 34. Let i = -10 + m. Calculate the highest common factor of 12 and i.
12
Suppose -5 = -5*p + 210. Let q = p - 21. What is the greatest common divisor of 55 and q?
11
Let w(j) = j**2 - 8*j + 4. Let p be w(5). Let a = p - -41. Let i be 2/(-4) - 455/(-10). Calculate the greatest common divisor of i and a.
15
Let x be (3 + -5)/2 - -16. Suppose 5*v = -x, -a + 0 = 3*v - 1. What is the highest common divisor of 40 and a?
10
Let m(l) = 122*l**2 - 1. Let q be m(-1). Let c = 34 - 23. Let w be c + 1 - (-4 - -5). Calculate the greatest common factor of q and w.
11
Suppose 46 = 2*z - 50. What is the greatest common factor of 12 and z?
12
Let v = -27 - -12. Let f = v - -29. Calculate the highest common divisor of f and 14.
14
Let f be 28/6 - (-14)/(-21). What is the greatest common divisor of 4 and f?
4
Let w(s) = -2*s - 31. Let l be w(-20). Calculate the greatest common divisor of 6 and l.
3
Let d = 140 + -91. What is the highest common factor of 343 and d?
49
Suppose -97 - 191 = -8*h. What is the highest common factor of h and 324?
36
Let h be (1 + 2)*(-5 + 4). Let u be 3 - (2 + -2) - h. Suppose 0 = -5*v + 21 + 9. Calculate the highest common factor of v and u.
6
Let l be ((-3)/9)/(1/(-18)). Let g = -28 + l. Let u be g/(-3) - (-4)/(-12). Calculate the highest common factor of u and 63.
7
Let f(t) be the third derivative of -t**4/24 + 5*t**3/3 + 4*t**2. Let j be f(7). Calculate the greatest common factor of 6 and j.
3
Suppose 2*w - 168 - 8 = 0. Let f(l) be the second derivative of -2*l**3/3 - l**2/2 - l. Let n be f(-3). Calculate the highest common divisor of n and w.
11
Suppose 55 = u + v, -3*u - v - 245 = -7*u. Suppose 0 = -0*k + k - 3*b - u, -62 = -k + 4*b. Let q = -33 + k. Calculate the greatest common divisor of 147 and q.
21
Suppose 0*c = -c + 12. Suppose 6*q - 7*q = -120. What is the highest common divisor of c and q?
12
Let r = 18 + -6. Calculate the greatest common factor of 48 and r.
12
Suppose 3*c = 6*c - 42. Suppose 2*m - m = 98. What is the highest common factor of m and c?
14
Suppose 0 = -0*l - 5*l + 100. Let n be 20/(-3)*6/4. Let b = n - -18. What is the highest common factor of l and b?
4
Suppose 3*c - 45 = 36. Suppose 2*y - 9 - c = 0. Let d(l) = -25*l + 1. Let h be d(-5). What is the greatest common divisor of h and y?
18
Let q(r) = 8*r**2 + r. Let o be q(4). Suppose 5*d - 2*h = 68, -16 = -3*d - 0*h - 5*h. Calculate the greatest common factor of d and o.
12
Suppose 5*b + l - 2*l - 8 = 0, -2*b - 2*l + 8 = 0. Suppose 0 + b = s. Suppose -g = -1 - 2. What is the highest common factor of g and s?
1
Let m(a) = -a**2 - 14*a + 7. Let q be m(-8). Calculate the greatest common divisor of q and 22.
11
Let g = -47 + 77. What is the highest common divisor of 12 and g?
6
Suppose 0 = t - 6 - 19. Let i = t + 49. Suppose -3*s - 4*k + 0 = -58, -4*s - 2*k = -i. Calculate the greatest common factor of s and 12.
6
Let v be 27/(-18)*16/(-6). What is the highest common divisor of 16 and v?
4
Suppose -5*r = 3*q - q - 15, 4*r + 4*q = 0. Suppose 9 = -r*a + 109. Calculate the greatest common factor of a and 5.
5
Suppose 0 = 5*h + s - 301, -88 - 35 = -2*h - 3*s. What is the greatest common factor of h and 12?
12
Suppose 5*p = p + 28. Let a(d) = 8*d + 7. Let m be a(p). What is the highest common divisor of 7 and m?
7
Let b be 2*(-5)/(20/(-12)). Let r(o) = 7*o**2 - 8*o + 5. Let s be r(b). Let x(k) = 2*k**2 + k + 4. Let v be x(-3). What is the highest common factor of s and v?
19
Let m = -25 - -60. Calculate the greatest common divisor of 14 and m.
7
Suppose -3*w - 2*w - c = -45, 0 = -4*w - 2*c + 30. Let g be (16/w)/((-22)/(-825)). Calculate the greatest common factor of 10 and g.
10
Suppose -4 = 4*n - 76. What is the greatest common divisor of n and 9?
9
Suppose -4*y = -y + k - 59, 2*k + 92 = 4*y. What is the highest common factor of 231 and y?
21
Let j = -2 + 2. Let z be 0/(-1) + 18 + j. What is the greatest common factor of z and 12?
6
Suppose 0*b = 5*b - 2*j + 5, -3*b + 28 = 5*j. Let g be (-38 + (-1)/b)/(-1). What is the highest common factor of 26 and g?
13
Let x(v) = -v + 3. Let a be x(-7). Let i = a + 6. What is the greatest common factor of i and 96?
16
Suppose 290 = 2*z - 4*l, z + 3*l - 120 = -0*z. Suppose -4*g + 5 + 103 = 0. Calculate the highest common factor of g and z.
27
Let z = 42 - 28. Let m be (4/(-12))/((-1)/105). What is the greatest common factor of m and z?
7
Suppose -i + 50 = -14. Suppose 0 = 7*s - 6*s - 16. What is the greatest common divisor of i and s?
16
Let x(p) = -7*p - 53. Let c be x(-11). What is the highest common divisor of c and 84?
12
Let d = -7 + 11. Let m = 3 + 11. Let w = d + m. Calculate the highest common divisor of 2 and w.
2
Suppose 4*y - 104 = -4*g, 3*g - 4*g - 4*y = -23. What is the greatest common factor of 243 and g?
27
Let f = 17 - 16. Let z be -4 + f + (-33)/(-3). What is the greatest common divisor of 8 and z?
8
Suppose -142 = -4*a + 14. Suppose 5*w + u + a = 154, 19 = w + u. What is the highest common factor of 3 and w?
3
Let s be ((-1)/(-3)*-1)/(8/(-408)). Calculate the highest common factor of s and 153.
17
Let v = -11 - -7. Let w = 8 - v. Let u be -15*5/((-10)/4). Calculate the greatest common factor of u and w.
6
Let x(v) be the third derivative of -v**5/60 - 11*v**4/24 + v**3 - 7*v**2. Let l be x(-8). What is the highest common divisor of l and 10?
10
Let p(f) = 2*f**2 - 5*f - 24. Let c be p(7). Calculate the greatest common divisor of 78 and c.
39
Let c(m) = 2*m**2 - 15*m + 4. Let k be c(9). Calculate the greatest common factor of k and 155.
31
Let n be (-2)/(-6) - (-48)/18. Suppose -3*u + 3*t + 477 = -345, -t - 814 = -n*u. What is the highest common factor of u and 30?
30
Let r be (-74)/(-6) - 2/6. Let f(k) = 3*k + 3. Let j be f(3). Calculate the greatest common factor of r and j.
12
Let b(w) = 7*w**2 + 3. Let k(j) = -3*j**2 - 1. Let l(h) = -2*b(h) - 5*k(h). Let p be l(3). Calculate the greatest common divisor of 1 and p.
1
Let i = 3 - 1. Suppose 5*k = i*k + 3. Suppose 3*d + n - 16 = 0, -8 = -5*d + 4*n - n. What is the greatest common divisor of d an